{"id":999,"date":"2026-08-20T11:24:45","date_gmt":"2026-08-20T09:24:45","guid":{"rendered":"https:\/\/www.clinicaferrersalud.com\/?page_id=999"},"modified":"2026-08-20T11:24:46","modified_gmt":"2026-08-20T09:24:46","slug":"jaime-gracia-lasierra","status":"publish","type":"page","link":"https:\/\/www.clinicaferrersalud.com\/index.php\/quienes-somos-2\/jaime-gracia-lasierra\/","title":{"rendered":"Jaime Gracia Lasierra"},"content":{"rendered":"<style>.kb-row-layout-id999_1c3b8b-69 > .kt-row-column-wrap{align-content:start;}:where(.kb-row-layout-id999_1c3b8b-69 > .kt-row-column-wrap) > .wp-block-kadence-column{justify-content:start;}.kb-row-layout-id999_1c3b8b-69 > .kt-row-column-wrap{column-gap:var(--global-kb-gap-md, 2rem);row-gap:var(--global-kb-gap-md, 2rem);padding-top:var(--global-kb-spacing-sm, 1.5rem);padding-bottom:var(--global-kb-spacing-sm, 1.5rem);grid-template-columns:minmax(0, 1fr) minmax(0, 2fr);}.kb-row-layout-id999_1c3b8b-69 > .kt-row-layout-overlay{opacity:0.30;}@media all and (max-width: 1024px){.kb-row-layout-id999_1c3b8b-69 > .kt-row-column-wrap{grid-template-columns:minmax(0, 1fr) minmax(0, 2fr);}}@media all and (max-width: 767px){.kb-row-layout-id999_1c3b8b-69 > .kt-row-column-wrap{grid-template-columns:minmax(0, 1fr);}}<\/style><div class=\"kb-row-layout-wrap kb-row-layout-id999_1c3b8b-69 alignnone wp-block-kadence-rowlayout\"><div class=\"kt-row-column-wrap kt-has-2-columns kt-row-layout-right-golden kt-tab-layout-inherit kt-mobile-layout-row kt-row-valign-top\">\n<style>.kadence-column999_ca4460-a7 > .kt-inside-inner-col{display:flex;}.kadence-column999_ca4460-a7 > .kt-inside-inner-col,.kadence-column999_ca4460-a7 > .kt-inside-inner-col:before{border-top-left-radius:0px;border-top-right-radius:0px;border-bottom-right-radius:0px;border-bottom-left-radius:0px;}.kadence-column999_ca4460-a7 > .kt-inside-inner-col{column-gap:var(--global-kb-gap-sm, 1rem);}.kadence-column999_ca4460-a7 > .kt-inside-inner-col{flex-direction:column;justify-content:center;}.kadence-column999_ca4460-a7 > .kt-inside-inner-col > .aligncenter{width:100%;}.kt-row-column-wrap > .kadence-column999_ca4460-a7{align-self:center;}.kt-inner-column-height-full:not(.kt-has-1-columns) > .wp-block-kadence-column.kadence-column999_ca4460-a7{align-self:auto;}.kt-inner-column-height-full:not(.kt-has-1-columns) > .wp-block-kadence-column.kadence-column999_ca4460-a7 > .kt-inside-inner-col{flex-direction:column;justify-content:center;}.kadence-column999_ca4460-a7 > .kt-inside-inner-col:before{opacity:0.3;}.kadence-column999_ca4460-a7{position:relative;}@media all and (max-width: 1024px){.kt-row-column-wrap > .kadence-column999_ca4460-a7{align-self:center;}}@media all and (max-width: 1024px){.kt-inner-column-height-full:not(.kt-has-1-columns) > .wp-block-kadence-column.kadence-column999_ca4460-a7{align-self:auto;}}@media all and (max-width: 1024px){.kt-inner-column-height-full:not(.kt-has-1-columns) > .wp-block-kadence-column.kadence-column999_ca4460-a7 > .kt-inside-inner-col{flex-direction:column;justify-content:center;}}@media all and (max-width: 1024px){.kadence-column999_ca4460-a7 > .kt-inside-inner-col{flex-direction:column;justify-content:center;}}@media all and (max-width: 767px){.kt-row-column-wrap > .kadence-column999_ca4460-a7{align-self:center;}.kt-inner-column-height-full:not(.kt-has-1-columns) > .wp-block-kadence-column.kadence-column999_ca4460-a7{align-self:auto;}.kt-inner-column-height-full:not(.kt-has-1-columns) > .wp-block-kadence-column.kadence-column999_ca4460-a7 > .kt-inside-inner-col{flex-direction:column;justify-content:center;}.kadence-column999_ca4460-a7 > .kt-inside-inner-col{flex-direction:column;justify-content:center;}}<\/style>\n<div class=\"wp-block-kadence-column kadence-column999_ca4460-a7\"><div class=\"kt-inside-inner-col\">\n<figure class=\"wp-block-image size-large\"><img loading=\"lazy\" decoding=\"async\" width=\"683\" height=\"1024\" src=\"https:\/\/www.clinicaferrersalud.com\/wp-content\/uploads\/2026\/08\/clinica-ferrer-salud-centro-podologia-huesca-fisioterapia-avanzada-nosotros-jaime-gracia-683x1024.jpg\" alt=\"\" class=\"wp-image-998\" srcset=\"https:\/\/www.clinicaferrersalud.com\/wp-content\/uploads\/2026\/08\/clinica-ferrer-salud-centro-podologia-huesca-fisioterapia-avanzada-nosotros-jaime-gracia-683x1024.jpg 683w, https:\/\/www.clinicaferrersalud.com\/wp-content\/uploads\/2026\/08\/clinica-ferrer-salud-centro-podologia-huesca-fisioterapia-avanzada-nosotros-jaime-gracia-200x300.jpg 200w, https:\/\/www.clinicaferrersalud.com\/wp-content\/uploads\/2026\/08\/clinica-ferrer-salud-centro-podologia-huesca-fisioterapia-avanzada-nosotros-jaime-gracia-768x1152.jpg 768w, https:\/\/www.clinicaferrersalud.com\/wp-content\/uploads\/2026\/08\/clinica-ferrer-salud-centro-podologia-huesca-fisioterapia-avanzada-nosotros-jaime-gracia.jpg 1000w\" sizes=\"auto, (max-width: 683px) 100vw, 683px\" \/><\/figure>\n<\/div><\/div>\n\n\n<style>.kadence-column999_28230b-52 > .kt-inside-inner-col{display:flex;}.kadence-column999_28230b-52 > .kt-inside-inner-col,.kadence-column999_28230b-52 > .kt-inside-inner-col:before{border-top-left-radius:0px;border-top-right-radius:0px;border-bottom-right-radius:0px;border-bottom-left-radius:0px;}.kadence-column999_28230b-52 > .kt-inside-inner-col{column-gap:var(--global-kb-gap-sm, 1rem);}.kadence-column999_28230b-52 > .kt-inside-inner-col{flex-direction:column;justify-content:center;}.kadence-column999_28230b-52 > .kt-inside-inner-col > .aligncenter{width:100%;}.kt-row-column-wrap > .kadence-column999_28230b-52{align-self:center;}.kt-inner-column-height-full:not(.kt-has-1-columns) > .wp-block-kadence-column.kadence-column999_28230b-52{align-self:auto;}.kt-inner-column-height-full:not(.kt-has-1-columns) > .wp-block-kadence-column.kadence-column999_28230b-52 > .kt-inside-inner-col{flex-direction:column;justify-content:center;}.kadence-column999_28230b-52 > .kt-inside-inner-col:before{opacity:0.3;}.kadence-column999_28230b-52{position:relative;}@media all and (max-width: 1024px){.kt-row-column-wrap > .kadence-column999_28230b-52{align-self:center;}}@media all and (max-width: 1024px){.kt-inner-column-height-full:not(.kt-has-1-columns) > .wp-block-kadence-column.kadence-column999_28230b-52{align-self:auto;}}@media all and (max-width: 1024px){.kt-inner-column-height-full:not(.kt-has-1-columns) > .wp-block-kadence-column.kadence-column999_28230b-52 > .kt-inside-inner-col{flex-direction:column;justify-content:center;}}@media all and (max-width: 1024px){.kadence-column999_28230b-52 > .kt-inside-inner-col{flex-direction:column;justify-content:center;}}@media all and (max-width: 767px){.kt-row-column-wrap > .kadence-column999_28230b-52{align-self:center;}.kt-inner-column-height-full:not(.kt-has-1-columns) > .wp-block-kadence-column.kadence-column999_28230b-52{align-self:auto;}.kt-inner-column-height-full:not(.kt-has-1-columns) > .wp-block-kadence-column.kadence-column999_28230b-52 > .kt-inside-inner-col{flex-direction:column;justify-content:center;}.kadence-column999_28230b-52 > .kt-inside-inner-col{flex-direction:column;justify-content:center;}}<\/style>\n<div class=\"wp-block-kadence-column kadence-column999_28230b-52\"><div class=\"kt-inside-inner-col\">\n<p class=\"wp-block-paragraph\">N\u00ba colegiado. 2518<\/p>\n\n\n\n<p class=\"wp-block-paragraph\">Experto en Fisioterapia Deportiva y Osteopat\u00eda<\/p>\n\n\n\n<p class=\"has-black-color has-text-color has-link-color wp-elements-1 wp-block-paragraph\">Fisioterapeuta<\/p>\n<\/div><\/div>\n\n<\/div><\/div>\n\n<style>.kb-row-layout-id999_1c0970-6a > .kt-row-column-wrap{align-content:start;}:where(.kb-row-layout-id999_1c0970-6a > .kt-row-column-wrap) > .wp-block-kadence-column{justify-content:start;}.kb-row-layout-id999_1c0970-6a > .kt-row-column-wrap{column-gap:var(--global-kb-gap-md, 2rem);row-gap:var(--global-kb-gap-md, 2rem);padding-top:var(--global-kb-spacing-sm, 1.5rem);padding-bottom:var(--global-kb-spacing-sm, 1.5rem);grid-template-columns:minmax(0, 1fr);}.kb-row-layout-id999_1c0970-6a > .kt-row-layout-overlay{opacity:0.30;}@media all and (max-width: 1024px){.kb-row-layout-id999_1c0970-6a > .kt-row-column-wrap{grid-template-columns:minmax(0, 1fr);}}@media all and (max-width: 767px){.kb-row-layout-id999_1c0970-6a > .kt-row-column-wrap{grid-template-columns:minmax(0, 1fr);}}<\/style><div class=\"kb-row-layout-wrap kb-row-layout-id999_1c0970-6a alignnone wp-block-kadence-rowlayout\"><div class=\"kt-row-column-wrap kt-has-1-columns kt-row-layout-equal kt-tab-layout-inherit kt-mobile-layout-row kt-row-valign-top\">\n<style>.kadence-column999_849674-2e > .kt-inside-inner-col,.kadence-column999_849674-2e > .kt-inside-inner-col:before{border-top-left-radius:0px;border-top-right-radius:0px;border-bottom-right-radius:0px;border-bottom-left-radius:0px;}.kadence-column999_849674-2e > .kt-inside-inner-col{column-gap:var(--global-kb-gap-sm, 1rem);}.kadence-column999_849674-2e > .kt-inside-inner-col{flex-direction:column;}.kadence-column999_849674-2e > .kt-inside-inner-col > .aligncenter{width:100%;}.kadence-column999_849674-2e > .kt-inside-inner-col:before{opacity:0.3;}.kadence-column999_849674-2e{position:relative;}@media all and (max-width: 1024px){.kadence-column999_849674-2e > .kt-inside-inner-col{flex-direction:column;justify-content:center;}}@media all and (max-width: 767px){.kadence-column999_849674-2e > .kt-inside-inner-col{flex-direction:column;justify-content:center;}}<\/style>\n<div class=\"wp-block-kadence-column kadence-column999_849674-2e\"><div class=\"kt-inside-inner-col\">\n<p class=\"wp-block-paragraph\"><em>Formaci\u00f3n Acad\u00e9mica Universitaria<\/em><\/p>\n\n\n\n<ul class=\"wp-block-list\">\n<li>Graduado en\u00a0<strong>FISIOTERAPIA\u00a0<\/strong>por la Universidad San Jorge (Zaragoza).<\/li>\n\n\n\n<li class=\"has-black-color has-text-color has-link-color wp-elements-2\">M\u00e1ster en\u00a0<strong>OSTEOPAT\u00cdA<\/strong>\u00a0Neuromusculoesquel\u00e9tica. E.O.M. (Zaragoza).<\/li>\n<\/ul>\n\n\n\n<p class=\"wp-block-paragraph\"><em>Experiencia profesional<\/em><\/p>\n\n\n\n<ul class=\"wp-block-list\">\n<li>Fisioterapeuta en Asociaci\u00f3n Alzheimer Huesca. 2024-2026<\/li>\n<\/ul>\n\n\n\n<ul class=\"wp-block-list\">\n<li>Fisioterapeuta <strong>en S.D.H. Academy<\/strong>. 2023<\/li>\n\n\n\n<li>Fisioterapeuta en\u00a0<strong>Clinica FERRERsalud<\/strong>. 2021-actualidad<\/li>\n<\/ul>\n<\/div><\/div>\n\n<\/div><\/div>\n\n\n<p class=\"wp-block-paragraph\"><\/p>\n","protected":false},"excerpt":{"rendered":"<p>N\u00ba colegiado. 2518 Experto en Fisioterapia Deportiva y Osteopat\u00eda Fisioterapeuta Formaci\u00f3n Acad\u00e9mica Universitaria Experiencia profesional<\/p>\n","protected":false},"author":2,"featured_media":0,"parent":804,"menu_order":0,"comment_status":"closed","ping_status":"closed","template":"","meta":{"kt_blocks_editor_width":"","footnotes":""},"class_list":["post-999","page","type-page","status-publish","hentry"],"_links":{"self":[{"href":"https:\/\/www.clinicaferrersalud.com\/index.php\/wp-json\/wp\/v2\/pages\/999","targetHints":{"allow":["GET"]}}],"collection":[{"href":"https:\/\/www.clinicaferrersalud.com\/index.php\/wp-json\/wp\/v2\/pages"}],"about":[{"href":"https:\/\/www.clinicaferrersalud.com\/index.php\/wp-json\/wp\/v2\/types\/page"}],"author":[{"embeddable":true,"href":"https:\/\/www.clinicaferrersalud.com\/index.php\/wp-json\/wp\/v2\/users\/2"}],"replies":[{"embeddable":true,"href":"https:\/\/www.clinicaferrersalud.com\/index.php\/wp-json\/wp\/v2\/comments?post=999"}],"version-history":[{"count":2,"href":"https:\/\/www.clinicaferrersalud.com\/index.php\/wp-json\/wp\/v2\/pages\/999\/revisions"}],"predecessor-version":[{"id":1002,"href":"https:\/\/www.clinicaferrersalud.com\/index.php\/wp-json\/wp\/v2\/pages\/999\/revisions\/1002"}],"up":[{"embeddable":true,"href":"https:\/\/www.clinicaferrersalud.com\/index.php\/wp-json\/wp\/v2\/pages\/804"}],"wp:attachment":[{"href":"https:\/\/www.clinicaferrersalud.com\/index.php\/wp-json\/wp\/v2\/media?parent=999"}],"curies":[{"name":"wp","href":"https:\/\/api.w.org\/{rel}","templated":true}]}}

<style>.kb-row-layout-id999_1c3b8b-69 > .kt-row-column-wrap{align-content:start;}:where(.kb-row-layout-id999_1c3b8b-69 > .kt-row-column-wrap) > .wp-block-kadence-column{justify-content:start;}.kb-row-layout-id999_1c3b8b-69 > .kt-row-column-wrap{column-gap:var(--global-kb-gap-md, 2rem);row-gap:var(--global-kb-gap-md, 2rem);padding-top:var(--global-kb-spacing-sm, 1.5rem);padding-bottom:var(--global-kb-spacing-sm, 1.5rem);grid-template-columns:minmax(0, 1fr) minmax(0, 2fr);}.kb-row-layout-id999_1c3b8b-69 > .kt-row-layout-overlay{opacity:0.30;}@media all and (max-width: 1024px){.kb-row-layout-id999_1c3b8b-69 > .kt-row-column-wrap{grid-template-columns:minmax(0, 1fr) minmax(0, 2fr);}}@media all and (max-width: 767px){.kb-row-layout-id999_1c3b8b-69 > .kt-row-column-wrap{grid-template-columns:minmax(0, 1fr);}}</style><div class="kb-row-layout-wrap kb-row-layout-id999_1c3b8b-69 alignnone wp-block-kadence-rowlayout"><div class="kt-row-column-wrap kt-has-2-columns kt-row-layout-right-golden kt-tab-layout-inherit kt-mobile-layout-row kt-row-valign-top">
<style>.kadence-column999_ca4460-a7 > .kt-inside-inner-col{display:flex;}.kadence-column999_ca4460-a7 > .kt-inside-inner-col,.kadence-column999_ca4460-a7 > .kt-inside-inner-col:before{border-top-left-radius:0px;border-top-right-radius:0px;border-bottom-right-radius:0px;border-bottom-left-radius:0px;}.kadence-column999_ca4460-a7 > .kt-inside-inner-col{column-gap:var(--global-kb-gap-sm, 1rem);}.kadence-column999_ca4460-a7 > .kt-inside-inner-col{flex-direction:column;justify-content:center;}.kadence-column999_ca4460-a7 > .kt-inside-inner-col > .aligncenter{width:100%;}.kt-row-column-wrap > .kadence-column999_ca4460-a7{align-self:center;}.kt-inner-column-height-full:not(.kt-has-1-columns) > .wp-block-kadence-column.kadence-column999_ca4460-a7{align-self:auto;}.kt-inner-column-height-full:not(.kt-has-1-columns) > .wp-block-kadence-column.kadence-column999_ca4460-a7 > .kt-inside-inner-col{flex-direction:column;justify-content:center;}.kadence-column999_ca4460-a7 > .kt-inside-inner-col:before{opacity:0.3;}.kadence-column999_ca4460-a7{position:relative;}@media all and (max-width: 1024px){.kt-row-column-wrap > .kadence-column999_ca4460-a7{align-self:center;}}@media all and (max-width: 1024px){.kt-inner-column-height-full:not(.kt-has-1-columns) > .wp-block-kadence-column.kadence-column999_ca4460-a7{align-self:auto;}}@media all and (max-width: 1024px){.kt-inner-column-height-full:not(.kt-has-1-columns) > .wp-block-kadence-column.kadence-column999_ca4460-a7 > .kt-inside-inner-col{flex-direction:column;justify-content:center;}}@media all and (max-width: 1024px){.kadence-column999_ca4460-a7 > .kt-inside-inner-col{flex-direction:column;justify-content:center;}}@media all and (max-width: 767px){.kt-row-column-wrap > .kadence-column999_ca4460-a7{align-self:center;}.kt-inner-column-height-full:not(.kt-has-1-columns) > .wp-block-kadence-column.kadence-column999_ca4460-a7{align-self:auto;}.kt-inner-column-height-full:not(.kt-has-1-columns) > .wp-block-kadence-column.kadence-column999_ca4460-a7 > .kt-inside-inner-col{flex-direction:column;justify-content:center;}.kadence-column999_ca4460-a7 > .kt-inside-inner-col{flex-direction:column;justify-content:center;}}</style>
<div class="wp-block-kadence-column kadence-column999_ca4460-a7"><div class="kt-inside-inner-col">
<figure class="wp-block-image size-large"><img loading="lazy" decoding="async" width="683" height="1024" src="https://www.clinicaferrersalud.com/wp-content/uploads/2026/08/clinica-ferrer-salud-centro-podologia-huesca-fisioterapia-avanzada-nosotros-jaime-gracia-683x1024.jpg" alt="" class="wp-image-998" srcset="https://www.clinicaferrersalud.com/wp-content/uploads/2026/08/clinica-ferrer-salud-centro-podologia-huesca-fisioterapia-avanzada-nosotros-jaime-gracia-683x1024.jpg 683w, https://www.clinicaferrersalud.com/wp-content/uploads/2026/08/clinica-ferrer-salud-centro-podologia-huesca-fisioterapia-avanzada-nosotros-jaime-gracia-200x300.jpg 200w, https://www.clinicaferrersalud.com/wp-content/uploads/2026/08/clinica-ferrer-salud-centro-podologia-huesca-fisioterapia-avanzada-nosotros-jaime-gracia-768x1152.jpg 768w, https://www.clinicaferrersalud.com/wp-content/uploads/2026/08/clinica-ferrer-salud-centro-podologia-huesca-fisioterapia-avanzada-nosotros-jaime-gracia.jpg 1000w" sizes="auto, (max-width: 683px) 100vw, 683px" /></figure>
</div></div>


<style>.kadence-column999_28230b-52 > .kt-inside-inner-col{display:flex;}.kadence-column999_28230b-52 > .kt-inside-inner-col,.kadence-column999_28230b-52 > .kt-inside-inner-col:before{border-top-left-radius:0px;border-top-right-radius:0px;border-bottom-right-radius:0px;border-bottom-left-radius:0px;}.kadence-column999_28230b-52 > .kt-inside-inner-col{column-gap:var(--global-kb-gap-sm, 1rem);}.kadence-column999_28230b-52 > .kt-inside-inner-col{flex-direction:column;justify-content:center;}.kadence-column999_28230b-52 > .kt-inside-inner-col > .aligncenter{width:100%;}.kt-row-column-wrap > .kadence-column999_28230b-52{align-self:center;}.kt-inner-column-height-full:not(.kt-has-1-columns) > .wp-block-kadence-column.kadence-column999_28230b-52{align-self:auto;}.kt-inner-column-height-full:not(.kt-has-1-columns) > .wp-block-kadence-column.kadence-column999_28230b-52 > .kt-inside-inner-col{flex-direction:column;justify-content:center;}.kadence-column999_28230b-52 > .kt-inside-inner-col:before{opacity:0.3;}.kadence-column999_28230b-52{position:relative;}@media all and (max-width: 1024px){.kt-row-column-wrap > .kadence-column999_28230b-52{align-self:center;}}@media all and (max-width: 1024px){.kt-inner-column-height-full:not(.kt-has-1-columns) > .wp-block-kadence-column.kadence-column999_28230b-52{align-self:auto;}}@media all and (max-width: 1024px){.kt-inner-column-height-full:not(.kt-has-1-columns) > .wp-block-kadence-column.kadence-column999_28230b-52 > .kt-inside-inner-col{flex-direction:column;justify-content:center;}}@media all and (max-width: 1024px){.kadence-column999_28230b-52 > .kt-inside-inner-col{flex-direction:column;justify-content:center;}}@media all and (max-width: 767px){.kt-row-column-wrap > .kadence-column999_28230b-52{align-self:center;}.kt-inner-column-height-full:not(.kt-has-1-columns) > .wp-block-kadence-column.kadence-column999_28230b-52{align-self:auto;}.kt-inner-column-height-full:not(.kt-has-1-columns) > .wp-block-kadence-column.kadence-column999_28230b-52 > .kt-inside-inner-col{flex-direction:column;justify-content:center;}.kadence-column999_28230b-52 > .kt-inside-inner-col{flex-direction:column;justify-content:center;}}</style>
<div class="wp-block-kadence-column kadence-column999_28230b-52"><div class="kt-inside-inner-col">
<p class="wp-block-paragraph">Nº colegiado. 2518</p>



<p class="wp-block-paragraph">Experto en Fisioterapia Deportiva y Osteopatía</p>



<p class="has-black-color has-text-color has-link-color wp-elements-1 wp-block-paragraph">Fisioterapeuta</p>
</div></div>

</div></div>

<style>.kb-row-layout-id999_1c0970-6a > .kt-row-column-wrap{align-content:start;}:where(.kb-row-layout-id999_1c0970-6a > .kt-row-column-wrap) > .wp-block-kadence-column{justify-content:start;}.kb-row-layout-id999_1c0970-6a > .kt-row-column-wrap{column-gap:var(--global-kb-gap-md, 2rem);row-gap:var(--global-kb-gap-md, 2rem);padding-top:var(--global-kb-spacing-sm, 1.5rem);padding-bottom:var(--global-kb-spacing-sm, 1.5rem);grid-template-columns:minmax(0, 1fr);}.kb-row-layout-id999_1c0970-6a > .kt-row-layout-overlay{opacity:0.30;}@media all and (max-width: 1024px){.kb-row-layout-id999_1c0970-6a > .kt-row-column-wrap{grid-template-columns:minmax(0, 1fr);}}@media all and (max-width: 767px){.kb-row-layout-id999_1c0970-6a > .kt-row-column-wrap{grid-template-columns:minmax(0, 1fr);}}</style><div class="kb-row-layout-wrap kb-row-layout-id999_1c0970-6a alignnone wp-block-kadence-rowlayout"><div class="kt-row-column-wrap kt-has-1-columns kt-row-layout-equal kt-tab-layout-inherit kt-mobile-layout-row kt-row-valign-top">
<style>.kadence-column999_849674-2e > .kt-inside-inner-col,.kadence-column999_849674-2e > .kt-inside-inner-col:before{border-top-left-radius:0px;border-top-right-radius:0px;border-bottom-right-radius:0px;border-bottom-left-radius:0px;}.kadence-column999_849674-2e > .kt-inside-inner-col{column-gap:var(--global-kb-gap-sm, 1rem);}.kadence-column999_849674-2e > .kt-inside-inner-col{flex-direction:column;}.kadence-column999_849674-2e > .kt-inside-inner-col > .aligncenter{width:100%;}.kadence-column999_849674-2e > .kt-inside-inner-col:before{opacity:0.3;}.kadence-column999_849674-2e{position:relative;}@media all and (max-width: 1024px){.kadence-column999_849674-2e > .kt-inside-inner-col{flex-direction:column;justify-content:center;}}@media all and (max-width: 767px){.kadence-column999_849674-2e > .kt-inside-inner-col{flex-direction:column;justify-content:center;}}</style>
<div class="wp-block-kadence-column kadence-column999_849674-2e"><div class="kt-inside-inner-col">
<p class="wp-block-paragraph"><em>Formación Académica Universitaria</em></p>



<ul class="wp-block-list">
<li>Graduado en <strong>FISIOTERAPIA </strong>por la Universidad San Jorge (Zaragoza).</li>



<li class="has-black-color has-text-color has-link-color wp-elements-2">Máster en <strong>OSTEOPATÍA</strong> Neuromusculoesquelética. E.O.M. (Zaragoza).</li>
</ul>



<p class="wp-block-paragraph"><em>Experiencia profesional</em></p>



<ul class="wp-block-list">
<li>Fisioterapeuta en Asociación Alzheimer Huesca. 2024-2026</li>
</ul>



<ul class="wp-block-list">
<li>Fisioterapeuta <strong>en S.D.H. Academy</strong>. 2023</li>



<li>Fisioterapeuta en <strong>Clinica FERRERsalud</strong>. 2021-actualidad</li>
</ul>
</div></div>

</div></div>


<p class="wp-block-paragraph"></p>

<p>Nº colegiado. 2518 Experto en Fisioterapia Deportiva y Osteopatía Fisioterapeuta Formación Académica Universitaria Experiencia profesional</p>
