{"id":7,"date":"2022-11-22T18:39:45","date_gmt":"2022-11-22T18:39:45","guid":{"rendered":"https:\/\/www.clinicaferrersalud.com\/?page_id=7"},"modified":"2024-10-03T20:39:19","modified_gmt":"2024-10-03T20:39:19","slug":"contacto","status":"publish","type":"page","link":"https:\/\/www.clinicaferrersalud.com\/index.php\/contacto\/","title":{"rendered":"Contacto"},"content":{"rendered":"\n<p class=\"has-text-align-center has-virtue-primary-color has-white-background-color has-text-color has-background has-link-color has-large-font-size wp-elements-2b4b6364bbf766c7ef0876af38fc095c\">Pide ya tu cita o solic\u00edtanos m\u00e1s informaci\u00f3n sin compromiso<\/p>\n\n\n\n<p>Cont\u00e1ctanos en: <\/p>\n\n\n\n<ul class=\"wp-block-list\">\n<li>Tel\u00e9fono: 974095954<\/li>\n\n\n\n<li><span style=\"color: initial;\">WhatsApp: 623132723<\/span><\/li>\n\n\n\n<li>Email: <a href=\"mailto:info@clinicaferrersalud.com\">info@clinicaferrersalud.com<\/a><\/li>\n\n\n\n<li>C\/ Teruel N\u00ba4, Local. 22005. Huesca-Huesca<\/li>\n<\/ul>\n\n\n\n<p>Horario:<\/p>\n\n\n\n<ul class=\"wp-block-list\">\n<li>Lunes a jueves: 9:00 a 14:00\/16:00 a 19:00<\/li>\n\n\n\n<li>Viernes: 9:00 a 14:00<\/li>\n<\/ul>\n\n\n\n<p><\/p>\n\n\n<style>.kb-row-layout-id_76c010-b4 > .kt-row-column-wrap{align-content:center;}:where(.kb-row-layout-id_76c010-b4 > .kt-row-column-wrap) > .wp-block-kadence-column{justify-content:center;}.kb-row-layout-id_76c010-b4 > .kt-row-column-wrap{column-gap:var(--global-kb-gap-lg, 4rem);row-gap:var(--global-kb-gap-md, 2rem);max-width:1140px;padding-top:45px;padding-right:25px;padding-bottom:38px;padding-left:25px;grid-template-columns:minmax(0, 1fr) minmax(0, 2fr);}.kb-row-layout-id_76c010-b4 > .kt-row-layout-overlay{opacity:0.30;}@media all and (max-width: 1024px){.kb-row-layout-id_76c010-b4 > .kt-row-column-wrap{grid-template-columns:repeat(2, minmax(0, 1fr));}}@media all and (max-width: 767px){.kb-row-layout-id_76c010-b4 > .kt-row-column-wrap{grid-template-columns:minmax(0, 1fr);}}<\/style><div class=\"kb-row-layout-wrap kb-row-layout-id_76c010-b4 alignnone wp-block-kadence-rowlayout\"><div class=\"kt-row-column-wrap kt-has-2-columns kt-row-layout-right-golden kt-tab-layout-inherit kt-mobile-layout-row kt-row-valign-middle kb-theme-content-width\">\n<style>.kadence-column_68e14b-c3 > .kt-inside-inner-col{padding-top:var(--global-kb-spacing-xs, 1rem);padding-right:var(--global-kb-spacing-xs, 1rem);padding-bottom:var(--global-kb-spacing-xs, 1rem);padding-left:var(--global-kb-spacing-xs, 1rem);}.kadence-column_68e14b-c3 > .kt-inside-inner-col,.kadence-column_68e14b-c3 > .kt-inside-inner-col:before{border-top-left-radius:0px;border-top-right-radius:0px;border-bottom-right-radius:0px;border-bottom-left-radius:0px;}.kadence-column_68e14b-c3 > .kt-inside-inner-col{background-image:linear-gradient(135deg,rgb(6,147,227) 35%,rgb(20,39,109) 100%);}.kadence-column_68e14b-c3 > .kt-inside-inner-col:before{opacity:0.75;}.kadence-column_68e14b-c3{position:relative;}<\/style>\n<div class=\"wp-block-kadence-column kadence-column_68e14b-c3 inner-column-1\"><div class=\"kt-inside-inner-col\">\n<p><\/p>\n\n\n<style>.kadence-form-_0eaafd-b3 .kb-form .kadence-blocks-form-field .kb-text-style-field, .kadence-form-_0eaafd-b3 .kb-form .kadence-blocks-form-field .kb-select-style-field{border-radius:0px;font-size:16px;border-width:1px 1px 1px 1px;background:#ffffff;border-color:#e1e1e1;}.kadence-form-_0eaafd-b3 .kb-form .kadence-blocks-form-field .kb-text-style-field{padding-top:18px;padding-right:18px;padding-bottom:18px;padding-left:18px;}.kadence-form-_0eaafd-b3 .kb-form .kadence-blocks-form-field .kb-forms-submit{color:#ffffff;border-radius:0px;background:var(--global-palette1, #3182CE);}.kadence-form-_0eaafd-b3 .kb-form .kadence-blocks-form-field .kb-forms-submit:hover, .kadence-form-_0eaafd-b3 .kb-form .kadence-blocks-form-field .kb-forms-submit:focus {color:#ffffff;background:var(--global-palette2, #2B6CB0);}.kadence-form-_0eaafd-b3 .kb-form .kadence-blocks-form-field .kb-forms-submit{line-height:40px;font-style:normal;font-weight:regular;}<\/style>\n<div class=\"wp-block-kadence-form kadence-form-_0eaafd-b3 kb-form-wrap\"><form class=\"kb-form\" action=\"\" method=\"post\"><div class=\"kadence-blocks-form-field kb-field-desk-width-100 kb-input-size-custom\"><label for=\"kb_field__0eaafd-b3_0\">Nombre Completo<span class=\"required\">*<\/span><\/label><input name=\"kb_field_0\" id=\"kb_field__0eaafd-b3_0\" data-label=\"Nombre Completo\" type=\"text\" placeholder=\"\" value=\"\" data-type=\"text\" class=\"kb-field kb-text-style-field kb-text-field kb-field-0\" data-required=\"yes\"\/><\/div><div class=\"kadence-blocks-form-field kb-form-field-1 kb-field-desk-width-100 kb-input-size-custom\"><label for=\"kb_field__0eaafd-b3_1\">Correo Electr\u00f3nico<span class=\"required\">*<\/span><\/label><input name=\"kb_field_1\" id=\"kb_field__0eaafd-b3_1\" data-label=\"Correo Electr\u00f3nico\" type=\"email\" placeholder=\"\" value=\"\" data-type=\"email\" class=\"kb-field kb-text-style-field kb-email-field kb-field-1\" data-required=\"yes\"\/><\/div><div class=\"kadence-blocks-form-field kb-form-field-2 kb-field-desk-width-100 kb-input-size-custom\"><label for=\"kb_field__0eaafd-b3_2\">Tel\u00e9fono<\/label><input name=\"kb_field_2\" id=\"kb_field__0eaafd-b3_2\" data-label=\"Tel\u00e9fono\" type=\"tel\" placeholder=\"\" value=\"\" data-type=\"tel\" class=\"kb-field kb-text-style-field kb-tel-field kb-field-2\"\/><\/div><div class=\"kadence-blocks-form-field kb-form-field-3 kb-field-desk-width-100 kb-input-size-custom\"><label for=\"kb_field__0eaafd-b3_3\">Comentarios<span class=\"required\">*<\/span><\/label><textarea name=\"kb_field_3\" id=\"kb_field__0eaafd-b3_3\" data-label=\"Comentarios\" type=\"textarea\" placeholder=\"\" data-type=\"textarea\" class=\"kb-field kb-text-style-field kb-textarea-field kb-field-3\" rows=\"4\" data-required=\"yes\"><\/textarea><\/div><div class=\"kadence-blocks-form-field kb-form-field-4 kb-field-desk-width-100 kb-input-size-custom kb-accept-form-field\"><input type=\"checkbox\" name=\"kb_field_4\" id=\"kb_field__0eaafd-b3_4\" class=\"kb-field kb-checkbox-style kb-accept\" value=\"accept\" data-type=\"accept\" data-required=\"yes\" data-required-message=\"Debe aceptar la pol\u00edtica de privacidad\"\/><label for=\"kb_field__0eaafd-b3_4\">He le\u00eddo y acepto la pol\u00edtica de privacidad<span class=\"required\">*<\/span><\/label><\/div><input type=\"hidden\" name=\"_kb_form_id\" value=\"_0eaafd-b3\"\/><input type=\"hidden\" name=\"_kb_form_post_id\" value=\"7\"\/><input type=\"hidden\" name=\"action\" value=\"kb_process_ajax_submit\"\/><input class=\"kadence-blocks-field verify\" type=\"text\" name=\"_kb_verify_email\" autocomplete=\"off\" aria-hidden=\"true\" placeholder=\"Email\" tabindex=\"-1\"\/><div class=\"kadence-blocks-form-field kb-submit-field kb-field-desk-width-100\"><button class=\"kb-forms-submit button kb-button-size-standard kb-button-width-full\">Enviar<\/button><\/div><\/form><\/div>\n<noscript><div class=\"kadence-blocks-form-message kadence-blocks-form-warning\">Activar JavaScript en tu navegador para enviar el formulario<\/div><style>.kadence-form-_0eaafd-b3 .kadence-blocks-form-field.kb-submit-field { display: none; }<\/style><\/noscript><\/div><\/div>\n\n\n<style>.kadence-column_ca005f-09, .kt-inside-inner-col > .kadence-column_ca005f-09:not(.specificity){margin-top:var(--global-kb-spacing-xs, 1rem);margin-right:var(--global-kb-spacing-xs, 1rem);margin-bottom:var(--global-kb-spacing-xs, 1rem);margin-left:var(--global-kb-spacing-xs, 1rem);}.kadence-column_ca005f-09 > .kt-inside-inner-col{padding-top:0px;padding-right:0px;padding-bottom:0px;padding-left:0px;}.kadence-column_ca005f-09 > .kt-inside-inner-col,.kadence-column_ca005f-09 > .kt-inside-inner-col:before{border-top-left-radius:0px;border-top-right-radius:0px;border-bottom-right-radius:0px;border-bottom-left-radius:0px;}.kadence-column_ca005f-09 > .kt-inside-inner-col:before{opacity:0.35;}.kadence-column_ca005f-09{position:relative;}<\/style>\n<div class=\"wp-block-kadence-column kadence-column_ca005f-09 inner-column-2\"><div class=\"kt-inside-inner-col\">\n<div style=\"width: 100%\"><iframe loading=\"lazy\" width=\"720\" height=\"600\" frameborder=\"0\" scrolling=\"no\" marginheight=\"0\" marginwidth=\"0\" src=\"https:\/\/maps.google.com\/maps?width=720&amp;height=600&amp;hl=en&amp;q=Calle%20Teruel,%204.%2022005%20Huesca+(Cl%C3%ADnica%20Ferrer%20Salud)&amp;t=&amp;z=17&amp;ie=UTF8&amp;iwloc=B&amp;output=embed\"><a href=\"https:\/\/www.maps.ie\/population\/\">Find Population on Map<\/a><\/iframe><\/div>\n<\/div><\/div>\n\n<\/div><\/div>","protected":false},"excerpt":{"rendered":"<p>Pide ya tu cita o solic\u00edtanos m\u00e1s informaci\u00f3n sin compromiso Cont\u00e1ctanos en: Horario: Find Population on Map<\/p>\n","protected":false},"author":1,"featured_media":0,"parent":0,"menu_order":0,"comment_status":"closed","ping_status":"closed","template":"","meta":{"kt_blocks_editor_width":"","footnotes":""},"class_list":["post-7","page","type-page","status-publish","hentry"],"_links":{"self":[{"href":"https:\/\/www.clinicaferrersalud.com\/index.php\/wp-json\/wp\/v2\/pages\/7","targetHints":{"allow":["GET"]}}],"collection":[{"href":"https:\/\/www.clinicaferrersalud.com\/index.php\/wp-json\/wp\/v2\/pages"}],"about":[{"href":"https:\/\/www.clinicaferrersalud.com\/index.php\/wp-json\/wp\/v2\/types\/page"}],"author":[{"embeddable":true,"href":"https:\/\/www.clinicaferrersalud.com\/index.php\/wp-json\/wp\/v2\/users\/1"}],"replies":[{"embeddable":true,"href":"https:\/\/www.clinicaferrersalud.com\/index.php\/wp-json\/wp\/v2\/comments?post=7"}],"version-history":[{"count":45,"href":"https:\/\/www.clinicaferrersalud.com\/index.php\/wp-json\/wp\/v2\/pages\/7\/revisions"}],"predecessor-version":[{"id":965,"href":"https:\/\/www.clinicaferrersalud.com\/index.php\/wp-json\/wp\/v2\/pages\/7\/revisions\/965"}],"wp:attachment":[{"href":"https:\/\/www.clinicaferrersalud.com\/index.php\/wp-json\/wp\/v2\/media?parent=7"}],"curies":[{"name":"wp","href":"https:\/\/api.w.org\/{rel}","templated":true}]}}