{"id":425,"date":"2023-10-31T18:36:34","date_gmt":"2023-10-31T18:36:34","guid":{"rendered":"https:\/\/www.clinicaferrersalud.com\/?page_id=425"},"modified":"2024-02-21T19:13:37","modified_gmt":"2024-02-21T19:13:37","slug":"sergio-ferrer-leiva","status":"publish","type":"page","link":"https:\/\/www.clinicaferrersalud.com\/index.php\/sergio-ferrer-leiva\/","title":{"rendered":"Sergio Ferrer Leiva"},"content":{"rendered":"\n<div class=\"wp-block-columns is-layout-flex wp-container-core-columns-is-layout-9d6595d7 wp-block-columns-is-layout-flex\">\n<div class=\"wp-block-column is-layout-flow wp-block-column-is-layout-flow\" style=\"flex-basis:300px\">\n<figure class=\"wp-block-image size-large is-resized\"><img loading=\"lazy\" decoding=\"async\" width=\"683\" height=\"1024\" src=\"https:\/\/www.clinicaferrersalud.com\/wp-content\/uploads\/2024\/01\/MAR8707-1-683x1024.jpg\" alt=\"\" class=\"wp-image-572\" style=\"width:auto;height:400px\" srcset=\"https:\/\/www.clinicaferrersalud.com\/wp-content\/uploads\/2024\/01\/MAR8707-1-683x1024.jpg 683w, https:\/\/www.clinicaferrersalud.com\/wp-content\/uploads\/2024\/01\/MAR8707-1-200x300.jpg 200w, https:\/\/www.clinicaferrersalud.com\/wp-content\/uploads\/2024\/01\/MAR8707-1-768x1152.jpg 768w, https:\/\/www.clinicaferrersalud.com\/wp-content\/uploads\/2024\/01\/MAR8707-1-1024x1536.jpg 1024w, https:\/\/www.clinicaferrersalud.com\/wp-content\/uploads\/2024\/01\/MAR8707-1-1365x2048.jpg 1365w, https:\/\/www.clinicaferrersalud.com\/wp-content\/uploads\/2024\/01\/MAR8707-1-scaled.jpg 1707w\" sizes=\"auto, (max-width: 683px) 100vw, 683px\" \/><\/figure>\n<\/div>\n\n\n\n<div class=\"wp-block-column is-vertically-aligned-center is-layout-flow wp-block-column-is-layout-flow\">\n<p><\/p>\n\n\n\n<p>N\u00ba Colegiado. 838220200<\/p>\n\n\n\n<p>N\u00ba Colegiado. 1226<\/p>\n\n\n\n<p>Experto en Cirug\u00eda M\u00ednimamente Invasiva del Pie<\/p>\n\n\n\n<ul class=\"wp-block-list\">\n<li>Miembro de AEMIS. Asociaci\u00f3n Espa\u00f1ola de Cirug\u00eda de M\u00ednima Incisi\u00f3n del Pie<\/li>\n\n\n\n<li>Miembro de AECP. Asociaci\u00f3n Espa\u00f1ola de Cirug\u00eda Podol\u00f3gica<\/li>\n<\/ul>\n\n\n\n<p>Pod\u00f3logo. Fisioterapeuta. Oste\u00f3pata.<\/p>\n<\/div>\n<\/div>\n\n\n\n<p><\/p>\n\n\n\n<p><em>Formaci\u00f3n Acad\u00e9mica Universitaria<\/em><\/p>\n\n\n\n<ul class=\"wp-block-list\">\n<li>Graduado en <strong>PODOLOG\u00cdA<\/strong> por la Universidad Cat\u00f3lica de Valencia<\/li>\n\n\n\n<li>Graduado en <strong>FISIOTERAPIA <\/strong>por la Universidad San Jorge<\/li>\n\n\n\n<li>Master en <strong>CIRUG\u00cdA de M\u00cdNIMA INCISI\u00d3N del PIE<\/strong> por la Universidad Cat\u00f3lica de Valencia<\/li>\n\n\n\n<li>Master en <strong>FISIOTERAPIA OSTEOP\u00c1TICA<\/strong> por la Universidad P. de Salamanca<\/li>\n<\/ul>\n\n\n\n<p><em>Formaci\u00f3n Acad\u00e9mica Universitaria<\/em> complementaria<\/p>\n\n\n\n<ul class=\"wp-block-list\">\n<li>Postgrado en <strong>CIRUGIA M\u00ednimamente Invasiva del Pie<\/strong> en la Universidad Pompeu Fabra. Barcelona.<\/li>\n\n\n\n<li>Postgrado en <strong>CIRUG\u00cdA e INTERVENCIONISMO ECOGUIADO del MEDIOPI\u00c9 y ANTEPI\u00c9<\/strong> por la AEMIS (Asociaci\u00f3n espa\u00f1ola de cirug\u00eda de m\u00ednima incisi\u00f3n del pie). Valencia.<\/li>\n\n\n\n<li>Postgrado en <strong>RETROPIE y TALALGIAS; del INTERVENCIONISMO ECOGUIADO a la CIRUG\u00cdA m\u00ednimamente invasiva<\/strong> <strong>del pie<\/strong> en el Hospital Universitario Ram\u00f3n y Cajal, Madrid. (Edici\u00f3n 2022 y 2023)<\/li>\n\n\n\n<li>Postgrado en <strong>PUNCI\u00d3N SECA <\/strong>avalado por la C\u00e1tedra en investigaci\u00f3n y docencia de la Universidad Rey Juan Carlos.<\/li>\n\n\n\n<li>Especializaci\u00f3n en <strong>OSTEOPAT\u00cdA <\/strong>por la Universidad de Zaragoza y la Escuela Hispano-francesa EOM.<\/li>\n\n\n\n<li>Postgrado en <strong>PIE DIAB\u00c9TICO<\/strong> por la Universidad Complutense de Madrid.<\/li>\n\n\n\n<li>Postgrado en <strong>CIRUG\u00cdA UNGUEAL y DIGITAL<\/strong> por la Universidad de Valencia.<\/li>\n\n\n\n<li>Curso sobre <strong>PODOLOG\u00cdA INFANTIL<\/strong> por el Ilustre Colegio Oficial de Pod\u00f3logos de Arag\u00f3n.<\/li>\n\n\n\n<li>Postgrado en <strong>ELECTR\u00d3LISIS PERCUT\u00c1NEA. <\/strong>Zaragoza.<\/li>\n\n\n\n<li>Postgrado en <strong>ECOGRAF\u00cdA CL\u00cdNICA AVANZADA <\/strong>(edici\u00f3n 2020 y 2023). Madrid.<\/li>\n\n\n\n<li>Curso sobre <strong>Actualizaci\u00f3n del dolor lumbar<\/strong> por la Universidad San Jorge.<\/li>\n\n\n\n<li>T\u00edtulo de <strong>DIRECTOR de INSTALACIONES con RX<\/strong> con fines m\u00e9dicos emitido por el CSN (consejo de seguridad nuclear).<\/li>\n\n\n\n<li>Curso de <strong>SOPORTE VITAL B\u00c1SICO y DESFIBRILACI\u00d3N EXTERNA AUTOM\u00c1TICA<\/strong> por la Sociedad Espa\u00f1ola de Medicina Intensiva, Cr\u00edtica y Unidades Coronarias (SEMICYUC).<\/li>\n\n\n\n<li>Cuso sobre el <strong>USO Y MANEJO DE PLASMA RICO EN PLAQUETAS<\/strong> en pie y tobillo por la Comisi\u00f3n cient\u00edfica del Colegio de Pod\u00f3logos de Arag\u00f3n.<\/li>\n\n\n\n<li>Curso de <strong>Farmacolog\u00eda Avanzada <\/strong>por el Consejo General de Pod\u00f3logos de Espa\u00f1a.<\/li>\n<\/ul>\n\n\n\n<p><em>Experiencia Profesional<\/em><\/p>\n\n\n\n<ul class=\"wp-block-list\">\n<li>2014 -2017: ejercicio aut\u00f3nomo de la profesi\u00f3n de forma privada en Zaragoza y Valencia<\/li>\n\n\n\n<li>2015: Fisioterapeuta en el SALUD (Servicio Aragon\u00e9s de Salud).<\/li>\n\n\n\n<li>2016-actualidad: <strong>Pod\u00f3logo y Fisioterapeuta del Cuerpo M\u00e9dico del equipo profesional de Balonmano BADA HUESCA de Liga Asobal.<\/strong><\/li>\n\n\n\n<li>2017-actualidad: ejerciendo como profesional en Cl\u00ednica FERRERsalud<\/li>\n<\/ul>\n\n\n\n<p><em>Experiencia Docente<\/em><\/p>\n\n\n\n<ul class=\"wp-block-list\">\n<li>Profesor de pr\u00e1cticas cl\u00ednicas de alumnos procedentes de la Universidad de L\u00e9rida.<\/li>\n\n\n\n<li>Profesor de pr\u00e1cticas cl\u00ednicas de alumnos procedentes de la Universidad San Jorge.<\/li>\n<\/ul>\n\n\n\n<ul class=\"wp-block-list\">\n<li>Ponente y docente en diversos seminarios sobre lesiones en el f\u00fatbol y su respectivo manejo, invitado por el Comit\u00e9 Aragon\u00e9s de Entrenadores de f\u00fatbol de Arag\u00f3n.<\/li>\n\n\n\n<li>Docente de diversos cursos universitarios en la Universidad de Zaragoza.<\/li>\n<\/ul>\n","protected":false},"excerpt":{"rendered":"<p>N\u00ba Colegiado. 838220200 N\u00ba Colegiado. 1226 Experto en Cirug\u00eda M\u00ednimamente Invasiva del Pie Pod\u00f3logo. Fisioterapeuta. Oste\u00f3pata. Formaci\u00f3n Acad\u00e9mica Universitaria Formaci\u00f3n Acad\u00e9mica Universitaria complementaria Experiencia Profesional Experiencia Docente<\/p>\n","protected":false},"author":1,"featured_media":0,"parent":0,"menu_order":0,"comment_status":"closed","ping_status":"closed","template":"","meta":{"kt_blocks_editor_width":"","footnotes":""},"class_list":["post-425","page","type-page","status-publish","hentry"],"_links":{"self":[{"href":"https:\/\/www.clinicaferrersalud.com\/index.php\/wp-json\/wp\/v2\/pages\/425","targetHints":{"allow":["GET"]}}],"collection":[{"href":"https:\/\/www.clinicaferrersalud.com\/index.php\/wp-json\/wp\/v2\/pages"}],"about":[{"href":"https:\/\/www.clinicaferrersalud.com\/index.php\/wp-json\/wp\/v2\/types\/page"}],"author":[{"embeddable":true,"href":"https:\/\/www.clinicaferrersalud.com\/index.php\/wp-json\/wp\/v2\/users\/1"}],"replies":[{"embeddable":true,"href":"https:\/\/www.clinicaferrersalud.com\/index.php\/wp-json\/wp\/v2\/comments?post=425"}],"version-history":[{"count":11,"href":"https:\/\/www.clinicaferrersalud.com\/index.php\/wp-json\/wp\/v2\/pages\/425\/revisions"}],"predecessor-version":[{"id":650,"href":"https:\/\/www.clinicaferrersalud.com\/index.php\/wp-json\/wp\/v2\/pages\/425\/revisions\/650"}],"wp:attachment":[{"href":"https:\/\/www.clinicaferrersalud.com\/index.php\/wp-json\/wp\/v2\/media?parent=425"}],"curies":[{"name":"wp","href":"https:\/\/api.w.org\/{rel}","templated":true}]}}

<div class="wp-block-columns is-layout-flex wp-container-core-columns-is-layout-9d6595d7 wp-block-columns-is-layout-flex">
<div class="wp-block-column is-layout-flow wp-block-column-is-layout-flow" style="flex-basis:300px">
<figure class="wp-block-image size-large is-resized"><img loading="lazy" decoding="async" width="683" height="1024" src="https://www.clinicaferrersalud.com/wp-content/uploads/2024/01/MAR8707-1-683x1024.jpg" alt="" class="wp-image-572" style="width:auto;height:400px" srcset="https://www.clinicaferrersalud.com/wp-content/uploads/2024/01/MAR8707-1-683x1024.jpg 683w, https://www.clinicaferrersalud.com/wp-content/uploads/2024/01/MAR8707-1-200x300.jpg 200w, https://www.clinicaferrersalud.com/wp-content/uploads/2024/01/MAR8707-1-768x1152.jpg 768w, https://www.clinicaferrersalud.com/wp-content/uploads/2024/01/MAR8707-1-1024x1536.jpg 1024w, https://www.clinicaferrersalud.com/wp-content/uploads/2024/01/MAR8707-1-1365x2048.jpg 1365w, https://www.clinicaferrersalud.com/wp-content/uploads/2024/01/MAR8707-1-scaled.jpg 1707w" sizes="auto, (max-width: 683px) 100vw, 683px" /></figure>
</div>



<div class="wp-block-column is-vertically-aligned-center is-layout-flow wp-block-column-is-layout-flow">
<p></p>



<p>Nº Colegiado. 838220200</p>



<p>Nº Colegiado. 1226</p>



<p>Experto en Cirugía Mínimamente Invasiva del Pie</p>



<ul class="wp-block-list">
<li>Miembro de AEMIS. Asociación Española de Cirugía de Mínima Incisión del Pie</li>



<li>Miembro de AECP. Asociación Española de Cirugía Podológica</li>
</ul>



<p>Podólogo. Fisioterapeuta. Osteópata.</p>
</div>
</div>



<p></p>



<p><em>Formación Académica Universitaria</em></p>



<ul class="wp-block-list">
<li>Graduado en <strong>PODOLOGÍA</strong> por la Universidad Católica de Valencia</li>



<li>Graduado en <strong>FISIOTERAPIA </strong>por la Universidad San Jorge</li>



<li>Master en <strong>CIRUGÍA de MÍNIMA INCISIÓN del PIE</strong> por la Universidad Católica de Valencia</li>



<li>Master en <strong>FISIOTERAPIA OSTEOPÁTICA</strong> por la Universidad P. de Salamanca</li>
</ul>



<p><em>Formación Académica Universitaria</em> complementaria</p>



<ul class="wp-block-list">
<li>Postgrado en <strong>CIRUGIA Mínimamente Invasiva del Pie</strong> en la Universidad Pompeu Fabra. Barcelona.</li>



<li>Postgrado en <strong>CIRUGÍA e INTERVENCIONISMO ECOGUIADO del MEDIOPIÉ y ANTEPIÉ</strong> por la AEMIS (Asociación española de cirugía de mínima incisión del pie). Valencia.</li>



<li>Postgrado en <strong>RETROPIE y TALALGIAS; del INTERVENCIONISMO ECOGUIADO a la CIRUGÍA mínimamente invasiva</strong> <strong>del pie</strong> en el Hospital Universitario Ramón y Cajal, Madrid. (Edición 2022 y 2023)</li>



<li>Postgrado en <strong>PUNCIÓN SECA </strong>avalado por la Cátedra en investigación y docencia de la Universidad Rey Juan Carlos.</li>



<li>Especialización en <strong>OSTEOPATÍA </strong>por la Universidad de Zaragoza y la Escuela Hispano-francesa EOM.</li>



<li>Postgrado en <strong>PIE DIABÉTICO</strong> por la Universidad Complutense de Madrid.</li>



<li>Postgrado en <strong>CIRUGÍA UNGUEAL y DIGITAL</strong> por la Universidad de Valencia.</li>



<li>Curso sobre <strong>PODOLOGÍA INFANTIL</strong> por el Ilustre Colegio Oficial de Podólogos de Aragón.</li>



<li>Postgrado en <strong>ELECTRÓLISIS PERCUTÁNEA. </strong>Zaragoza.</li>



<li>Postgrado en <strong>ECOGRAFÍA CLÍNICA AVANZADA </strong>(edición 2020 y 2023). Madrid.</li>



<li>Curso sobre <strong>Actualización del dolor lumbar</strong> por la Universidad San Jorge.</li>



<li>Título de <strong>DIRECTOR de INSTALACIONES con RX</strong> con fines médicos emitido por el CSN (consejo de seguridad nuclear).</li>



<li>Curso de <strong>SOPORTE VITAL BÁSICO y DESFIBRILACIÓN EXTERNA AUTOMÁTICA</strong> por la Sociedad Española de Medicina Intensiva, Crítica y Unidades Coronarias (SEMICYUC).</li>



<li>Cuso sobre el <strong>USO Y MANEJO DE PLASMA RICO EN PLAQUETAS</strong> en pie y tobillo por la Comisión científica del Colegio de Podólogos de Aragón.</li>



<li>Curso de <strong>Farmacología Avanzada </strong>por el Consejo General de Podólogos de España.</li>
</ul>



<p><em>Experiencia Profesional</em></p>



<ul class="wp-block-list">
<li>2014 -2017: ejercicio autónomo de la profesión de forma privada en Zaragoza y Valencia</li>



<li>2015: Fisioterapeuta en el SALUD (Servicio Aragonés de Salud).</li>



<li>2016-actualidad: <strong>Podólogo y Fisioterapeuta del Cuerpo Médico del equipo profesional de Balonmano BADA HUESCA de Liga Asobal.</strong></li>



<li>2017-actualidad: ejerciendo como profesional en Clínica FERRERsalud</li>
</ul>



<p><em>Experiencia Docente</em></p>



<ul class="wp-block-list">
<li>Profesor de prácticas clínicas de alumnos procedentes de la Universidad de Lérida.</li>



<li>Profesor de prácticas clínicas de alumnos procedentes de la Universidad San Jorge.</li>
</ul>



<ul class="wp-block-list">
<li>Ponente y docente en diversos seminarios sobre lesiones en el fútbol y su respectivo manejo, invitado por el Comité Aragonés de Entrenadores de fútbol de Aragón.</li>



<li>Docente de diversos cursos universitarios en la Universidad de Zaragoza.</li>
</ul>

<p>Nº Colegiado. 838220200 Nº Colegiado. 1226 Experto en Cirugía Mínimamente Invasiva del Pie Podólogo. Fisioterapeuta. Osteópata. Formación Académica Universitaria Formación Académica Universitaria complementaria Experiencia Profesional Experiencia Docente</p>
